 d = 145 - 145. Suppose d = -10*n + 11*n - 11. What is the highest common divisor of n and 121?
11
Suppose 0 = -0*b + 5*b + 4*n - 731, -n + 290 = 2*b. Calculate the greatest common factor of 26 and b.
13
Suppose -536 = 3*i - 191. Let a = -96 - i. Calculate the greatest common factor of 247 and a.
19
Let t = 212 + 100. What is the greatest common divisor of 24 and t?
24
Let z be (-12)/(-8) - (6 + 2232/(-16)). What is the greatest common divisor of z and 315?
45
Let m = -729 - -762. What is the greatest common divisor of 11 and m?
11
Let m(p) = 2*p**2 - 12*p - 4. Let g be m(-8). Let d be g/(-3)*24/(-10). Let t be ((-3)/(-6)*44)/1. Calculate the greatest common factor of t and d.
22
Suppose 0 = -3*k + 4*r + 348, 3*k + 2*k - r = 597. Suppose -w = w - k. What is the highest common divisor of w and 6?
6
Let j(f) = f**3 - 27*f**2 - 28*f + 28. Let x be j(28). What is the greatest common factor of 70 and x?
14
Suppose -6*k + 144 = 10*k. Calculate the highest common factor of k and 639.
9
Let a(n) = 18*n + 129. Let c be a(-7). Suppose 0 = -s - 4*q - 11, 0*q = 4*s + 4*q + 8. Calculate the highest common factor of c and s.
1
Suppose -a - 8 = -5*r, 4*a - r - 43 = -6*r. Let m = -20 - -12. Let g be ((-6)/(-8))/(m/(-224)). What is the greatest common factor of g and a?
7
Let c = -140 - -205. Let z(y) = y + 1. Let j be z(12). What is the highest common divisor of c and j?
13
Suppose -59*d = -5969 - 1170. Calculate the greatest common factor of 847 and d.
121
Let k(a) = -a**3 + 11*a**2 - 5*a + 18. Let o be k(8). What is the highest common factor of o and 30?
10
Suppose 2*b = 4*v - 52, 5*v + 43 = -4*b + 2*b. Let w(k) = 14*k - 50. Let r be w(7). Let l = b + r. Calculate the greatest common factor of 60 and l.
12
Let j be -1 - (-56)/(-12)*-9. Let p be -1 + j + -3 + 2. Let k(h) = h**2 + 2*h + 2. Let d be k(-6). What is the highest common factor of p and d?
13
Let m(t) = t**3 - 2*t**2 - 2*t + 16. Let k be m(0). Calculate the highest common factor of k and 128.
16
Suppose -5*m - c = -19, -4*c + 0*c - 8 = -m. Let o be 0 + 2 + -2 + m. Let n be o/8 - (-241)/2. Calculate the highest common divisor of 11 and n.
11
Let u be (-72)/(-42) + (-2)/(-7). Let y be (3/5)/((-3)/(-195)). Suppose -u*f + 45 = -y. What is the highest common factor of f and 14?
14
Let g = 964 + -511. Suppose 5*h - o = -3*o + g, -5 = 5*o. Let r(b) = b**3 - 3*b**2 - b + 1. Let k be r(4). Calculate the greatest common factor of k and h.
13
Let p be (-8 - -34)*(-9)/6. Let h = -9 - p. Let q be 2 + -1 - (-2 - 42). Calculate the highest common factor of q and h.
15
Suppose 179 + 261 = 40*h. What is the greatest common divisor of h and 275?
11
Let i be 21/9 - 3/9. Let r be 3 + (8 + 2)*i. Let f be -23*2*(-7)/2. Calculate the highest common factor of r and f.
23
Let n(p) = 2 - p + 3 + 1 - 2. Let r(t) = t - 3. Let a(c) = -3*n(c) - 4*r(c). Let m be a(-2). Calculate the greatest common divisor of m and 5.
1
Let l be (-126)/(3 - 0 - (-8)/(-2)). Calculate the highest common divisor of l and 54.
18
Let p = -8 + 12. Let o be 0*(-2)/(0 - p). Suppose -4*n + 72 = -o*n. What is the highest common factor of 162 and n?
18
Let n be (550/(-33) + -4*1)*-21. Calculate the greatest common factor of n and 14.
14
Suppose 240 = 2*u - 2*p - 0*p, -5*u - p + 606 = 0. Let q = u - 51. Calculate the highest common factor of 5 and q.
5
Let a be 13/(-3)*(2 + -5). Let c = -13 + a. Suppose c = -5*d + 5 + 15. What is the highest common factor of 12 and d?
4
Let m = -31 + 51. Let d be 5/m*4 - -20. What is the greatest common divisor of 168 and d?
21
Let a(j) = -6*j - 2 + 0 - 5 + 8. Let s be a(-1). Calculate the greatest common factor of 28 and s.
7
Suppose -2*f + 450 = -0*f. Let s be (48/(-15))/((-5)/f). What is the greatest common divisor of s and 16?
16
Let r = -570 + 1307. Calculate the highest common factor of r and 11.
11
Let s be 7 - (6 + (-1 - 19)). Calculate the greatest common factor of 7 and s.
7
Suppose -c = -0*n + 3*n - 9, c + 4*n = 7. Let l = 499 + -489. Calculate the greatest common factor of l and c.
5
Let z be (-21 + 4)*(-2 + (-1 - 4)). What is the greatest common factor of 7 and z?
7
Suppose 3*k - 86 = -d + 6*k, -d + 86 = -2*k. Let c = d - 147. Let q = 2 - c. Calculate the greatest common divisor of q and 9.
9
Suppose p - 5*p = 3*i + 10, 3*p - 5*i + 22 = 0. Let u be ((-2)/p)/(-2 + 53/26). Calculate the highest common divisor of 65 and u.
13
Let y = 57 - 56. What is the highest common divisor of y and 25?
1
Let h be 1/(-4) + 1950/24. Suppose -3*i - 33 = -h. What is the highest common divisor of i and 32?
16
Let c = -41 + 383. Calculate the greatest common factor of 38 and c.
38
Let r = -112 - 79. Let q = -155 - r. Suppose 2*a = -3*i + 82, 88 = 5*i + 5*a - 57. Calculate the highest common factor of i and q.
12
Suppose -5*j + 34 = z, 389 = 5*z + j + 147. Let w be (3 - 0)*z/21. Calculate the greatest common factor of 133 and w.
7
Suppose -4*w + 92 + 108 = 0. Suppose -3*l = 5*c - 6*l - 212, -l + 44 = c. Let n = 118 - c. Calculate the highest common divisor of n and w.
25
Let n be 1625/26 + 4 - 1/2. What is the greatest common factor of 6 and n?
6
Let l(c) = c + 8. Let i be l(-2). Let h(q) = -2*q + 12. Let y be h(i). Suppose y = 2*n - 5*n + 33. Calculate the highest common factor of 11 and n.
11
Let d(t) = t**3 + 2*t**2 + 2. Let l be d(-2). Suppose -p - 2 = -l*p. What is the greatest common divisor of p and 18?
2
Suppose -2*l = -l - 7. Suppose 1 = 4*t - l. What is the greatest common factor of 10 and t?
2
Let t = 3045 + -2022. Calculate the greatest common divisor of 93 and t.
93
Let n(a) = 5*a**3 + a**2. Let h(b) = b**2 - b - 5. Let t be h(3). Let r be n(t). Calculate the greatest common divisor of r and 18.
6
Let j = 256 - 123. Suppose 2*t = -2*k + 82, -3*t + 0*k + j = k. What is the greatest common factor of t and 115?
23
Suppose -3*m + 12 = -3. Suppose -m*r + 340 - 15 = 0. Let k be (-1*3 + 0)*(-156)/36. Calculate the greatest common factor of k and r.
13
Suppose 6*u - u + 5*i - 295 = 0, -4*u = -5*i - 272. Let c be ((-51)/(-6)*(-1 + 3))/1. Suppose -3*o + 38 = c. What is the greatest common factor of u and o?
7
Let p = -38 - -118. What is the greatest common divisor of p and 5?
5
Let a be -6*(-2 + -1 - 0). Suppose 4*b = 4*q + 400, 4*q - 61 = -2*b + 145. Let c = b + -47. What is the greatest common divisor of c and a?
18
Let o = -1601 - -1604. Calculate the greatest common factor of 13 and o.
1
Suppose 15 = -d + 3. Let m be 5/(45/d)*(-345)/10. Calculate the greatest common divisor of 69 and m.
23
Suppose v - 2*f + 1144 = 6*v, -5*f + 1135 = 5*v. What is the greatest common factor of 805 and v?
115
Let g = 1681 + -880. Let r = -405 + g. Suppose 0*s + r = 3*s. What is the greatest common divisor of 22 and s?
22
Suppose 0 = -6*b - 0*b + 48. Let g be (4/(-6))/((-4)/12). Calculate the greatest common factor of g and b.
2
Let a be (-2 - -4) + (268 - 2). Suppose a = -5*z + z. Let h = z + 97. Calculate the highest common factor of 45 and h.
15
Let d(j) = 3*j + 16*j - 9*j. Let v be d(1). Let q be (8/6 - -2)*3. Calculate the highest common divisor of v and q.
10
Suppose 768 = 8*j - 600. What is the greatest common factor of 19 and j?
19
Let l(t) = t**3 + 14*t**2 + 12*t - 10. Suppose -u = u + 3*p + 26, -3*u - 26 = -2*p. Let w be l(u). Calculate the greatest common divisor of w and 30.
30
Let c = -146 - -358. What is the greatest common divisor of c and 4?
4
Let s(w) = -w**3 + w**2 - 3*w + 6. Let o be -5 - 24/(-6) - -1. Let c be s(o). What is the highest common factor of 78 and c?
6
Suppose 5*a + 2*p + 2*p - 818 = 0, 178 = a - 4*p. Let w = 418 - a. Suppose -4*f + 3*f = -w. What is the highest common divisor of f and 36?
36
Suppose -2*j + 110 = 2*n, 5*j - 222 = 4*n + 35. What is the highest common divisor of j and 265?
53
Let h(z) = -4*z + 8. Let u be h(-13). Suppose 0*f = 5*f. Suppose 5*y + 3*d - 195 = 14, f = -5*y - 2*d + 206. What is the highest common divisor of y and u?
20
Let o(m) = m**2 + 3*m - 7. Let p be o(-5). Suppose -9 + 0 = -p*l. Let z(s) = 41*s + 10. Let k be z(l). Calculate the highest common divisor of k and 19.
19
Let j be (-2)/8 + 5106*6/48. Calculate the highest common factor of 58 and j.
58
Suppose 0 = -8*l + 758 + 474. Suppose c + 3*c - 88 = 0. Calculate the highest common divisor of l and c.
22
Let v be ((-360)/108)/((-5